 ((-4)/3)/((-1)/f). Let o(u) = u**3 + 0 - 2 - u - 2*u**3 - 4*u**2. What is o(t)?
2
Let q(r) be the third derivative of 0 + 0*r + 0*r**3 - 4*r**2 - 7/24*r**4. Calculate q(-1).
7
Let i be ((-1)/2)/((-11)/110). Let n(j) = j**2 - 4*j + 4. Calculate n(i).
9
Let z(m) = m - 1. Let q(t) = t - 1. Let a(c) = -3*q(c) + 4*z(c). Calculate a(5).
4
Let n be (-1 + 2)/(21/84). Let h(c) be the third derivative of 0*c + 0 + 1/2*c**3 + 2*c**2 + 1/24*c**n. Calculate h(-2).
1
Let c(f) = -f**2 - 7*f + 6. Suppose -2 + 18 = -4*q, -5*k - 2*q = 38. Calculate c(k).
12
Let d(u) be the third derivative of -u**6/120 - u**5/12 - 5*u**4/24 - u**3/6 + 2*u**2. What is d(-4)?
3
Let n(v) be the third derivative of 0 + 1/3*v**3 + 1/30*v**5 - 2*v**2 + 1/4*v**4 + 0*v. Give n(-4).
10
Let z(y) = y + 7. Let i(w) = 3*w + 20. Let n(l) = 3*i(l) - 8*z(l). Let t be 6/4*2 + -3. Give n(t).
4
Let x(p) = p - 5*p**2 + 4*p - 3 + 4*p**2. Let o(v) be the third derivative of -v**4/24 - v**3/6 - v**2. Let u be o(-3). Give x(u).
3
Let b(o) = -2*o**2 - 7*o - o**3 - 6 - 4*o**2 + 8. Give b(-5).
12
Let y(u) be the second derivative of -u**3 + 3*u**2 + 19*u. Calculate y(4).
-18
Let n(t) be the third derivative of -t**6/120 + t**5/12 + t**4/8 - t**3/2 - 42*t**2. What is n(5)?
12
Let w(k) = 3*k**2 + 0*k**2 + 7 - k**3 + k**2 - 2 + 5*k. Determine w(5).
5
Suppose 4*b - 30 = -b. Let h(d) = -2*d**2 + 9*d - 3. What is h(b)?
-21
Let m = -1 - -2. Let x(u) = u**2 - 7*u + m + 3*u**2 - 3*u**2. Let z be 60/(-6)*(-2)/4. What is x(z)?
-9
Let k be (-2 + 3)*(-5 - -4). Let c(s) = -s**3 + 5*s**2 + s - 4. Let o be c(5). Let a(f) = -f - f - o - 7*f. Determine a(k).
8
Suppose 12*k + 66 = k. Let w(l) = l**2 + 3*l - 3. What is w(k)?
15
Let y = 10 + -9. Let v(j) be the first derivative of 5*j**4/2 - j**2/2 + j + 1. What is v(y)?
10
Suppose -y = -2*a + 24, -a = y - 4*y - 52. Let g = 15 + y. Let t(r) = r**3 + r**2 - 2*r - 1. Determine t(g).
1
Let p(x) be the second derivative of 5*x**3/6 - 2*x**2 + 5*x. Let l be p(2). Let h(u) = u**2 - 7*u + 4. What is h(l)?
-2
Let j(m) be the second derivative of m**5/20 - m**4/4 + 2*m**2 + m. Let h(c) = -1 + 0 + 2*c + 2*c. Let o be h(1). Give j(o).
4
Let y(a) = -2*a**2 + 7*a - 4. Let m(j) = -6*j**2 + 22*j - 12. Let f(n) = 2*m(n) - 7*y(n). Let b = -90 + 60. Let r be (6/(-10))/(6/b). What is f(r)?
7
Let i(r) = -3*r**3 - r**2 - 26*r - 1. Let x(d) = 2*d**3 + d + 3*d - d**3 + 5*d. Let g(k) = 4*i(k) + 11*x(k). Give g(-3).
2
Let h be 4/(-10) - (-78)/(-30). Let j = h - -1. Let y(a) = 4*a + 3. Determine y(j).
-5
Suppose -5*x = -6*x + 6. Let f(l) = -l**2 + 6*l - 8. Give f(x).
-8
Suppose 0*r - 5*g = -4*r - 9, -6 = 5*r - g. Let j(a) = 8*a + 1. Give j(r).
-7
Suppose -4*x = k + 2*k - 31, 5*k = -3*x + 37. Let r(b) = 6*b - x*b + 1 - b. What is r(-5)?
-4
Let q be ((-4)/12 - 0)/((-2)/(-24)). Let x(a) = a**2 - 4*a - 2. Let m(y) = -y**2 - y. Let g(i) = -2*m(i) - x(i). Determine g(q).
-6
Let c(h) = -7*h**2 + 5*h. Let j(w) = w**2 - w. Let r(p) = -c(p) - 4*j(p). Give r(-1).
4
Let p(h) = -19*h**3 - 5*h**2 + 2*h + 3. Let u(d) = 20*d**3 + 6*d**2 - 3*d - 4. Let g(q) = -5*p(q) - 4*u(q). Calculate g(-1).
-15
Let v(i) = -7*i**3 - 13*i + 2. Let c(a) = -6*a**3 + a**2 - 16*a + 2. Let q(t) = -t. Let s(r) = -c(r) + 4*q(r). Let n(f) = -6*s(f) - 5*v(f). Give n(5).
-8
Let a(x) = -x**2 + x. Let s be a(0). Let m(u) = s*u + 3*u**3 - u + 0*u**2 + u**2 + u**3. Let d be -1 + 2/1 + 0. Calculate m(d).
4
Let m(p) = -p**3 - 6*p**2 + p + 2. Let i be m(-6). Let h be 1/i + 77/(-28). Let u(y) = y**3 + 3*y**2 - 4*y - 4. What is u(h)?
8
Suppose 3*v - 3 = 0, 12 = -0*m + 3*m + 3*v. Let y = 0 - m. Let n(l) = -3 - 2 + l**3 + 1 + 4*l**2 + 2*l. Give n(y).
-1
Let s be 3/((-15)/(-5)) - -4. Let r(a) = -3*a + 4. Calculate r(s).
-11
Let a(o) be the second derivative of o**2 - 1/120*o**6 - 1/12*o**5 + 2*o + 0 + 1/24*o**4 - 1/2*o**3. Let i(s) be the first derivative of a(s). Determine i(-5).
-8
Let i(h) = h**3 + 3*h**2 - 2*h + 2. Let r(f) = 4*f**2. Let z be r(-1). Suppose z*t + 24 - 4 = 0. Let q = 2 + t. What is i(q)?
8
Let j(z) = -2*z - 6. Let d = 8 + -15. Give j(d).
8
Let y(i) = i**2 - 2*i + 2. Let s(j) = j**2 + 10*j + 12. Let q be s(-9). Determine y(q).
5
Let y = -4 - -3. Let m(o) = 0*o**3 + 1 - o**3 - 2*o**3 + 2*o + 2*o**2. Determine m(y).
4
Let k(f) = -6*f. Let o(h) = -h**3 + 8*h**2 - 9*h - 2. Let a be o(7). Let n be ((-4)/a)/((-1)/(-4)). Determine k(n).
-6
Let y(f) = f**3 + 6*f**2 + 7*f + 5. Suppose -m - 2*x = 2*m - 53, 4*m + 4*x - 68 = 0. Suppose 2*d - m = 3*n, d = 2*n + 1 + 11. Give y(n).
-5
Let m(i) = -i**3 + 4*i**2 + 3*i + 1. Let w be (3/(-2) + 2)*10. Suppose 17 = w*j - 8. Determine m(j).
-9
Let x(y) = y**3 + 6*y**2 + 4*y - 1. Let a = 8 - 6. Let i be (-1 - 1)*(-5)/a. Let l be i/2*1*-2. Give x(l).
4
Let g(v) = v**2 - 7*v + 4. Let h = -2 + 10. Let f = h - 3. Give g(f).
-6
Suppose 4*v - 4 = 5*v, -x + 10 = -2*v. Let a(t) = 7*t + 5 + 0*t**x - 4*t**2 + 5*t**2. Calculate a(-5).
-5
Let u(n) = -n**2 - 9*n - 1. Suppose 8 = 4*g + 36. Determine u(g).
13
Let f(w) be the second derivative of w**4/12 + 7*w**3/6 + w**2/2 + 2*w. Let q(g) = g - 17. Let b be q(11). What is f(b)?
-5
Let r be -5*1 + 11/11. Let a(k) = k**3 + 5*k**2 - 5. Determine a(r).
11
Let d(r) = -4*r**2 - 8 + 5*r + 3*r**2 + 3*r + 2. Give d(7).
1
Let x(m) be the second derivative of m**3/2 - m**2/2 + 9*m. Determine x(-1).
-4
Let u be 3 - 3*(4 + 40/(-12)). Let w(z) = 6*z**3 + 0*z + 2*z - z**3 - 2*z**2 - 1. Give w(u).
4
Let c(n) = n**2 + 6*n + 2. Let q be c(-6). Let k(g) = -4*g - 3*g**q - 3 - 5*g**3 + g**3 + 0*g**3 + 2*g**3. Calculate k(-2).
9
Suppose 4*a = -5*x + 22, -4*x + 1 + 10 = a. Suppose a*u + 20 = 7*u. Let p(o) = o**2 - 7*o + 7. Give p(u).
-3
Let z(w) be the third derivative of -w**6/120 - 7*w**5/60 + w**4/3 - w**3/2 + 3*w**2. Let y be z(-8). Let x(k) = k**3 + 4*k**2 + 3*k - 4. Determine x(y).
-4
Let v = 1 - -1. Let k(q) = -3*q - q**v + q - 3 + 6*q. Suppose 2*u - 4 = w, 16 = -2*u + 6*u. Determine k(w).
-3
Let g(s) be the third derivative of s**4/24 + 5*s**3/6 - 6*s**2. Determine g(-3).
2
Let f(r) = 5*r + 10*r**3 + 10 - 2*r - 9*r**2 + 4*r - 9*r**3. Give f(8).
2
Let m(j) be the third derivative of j**6/120 - j**5/12 + j**4/24 - j**3 - 8*j**2. Determine m(5).
-1
Let l(d) = -5*d**2 + 2*d - 3. Let r(n) = 4*n**2 - 2*n + 2. Let w(k) = -2*l(k) - 3*r(k). What is w(2)?
-4
Let f(h) be the first derivative of -h**4/4 - 3*h**3 + h**2/2 + 3*h + 11. Determine f(-9).
-6
Let v = 25 - 22. Let y(l) be the second derivative of 2/3*l**v - 2*l**2 + 1/4*l**4 - 1/20*l**5 + 0 + 2*l. Determine y(4).
-4
Let q(y) = -2*y**3 - y**2 + 2*y + 2. Suppose x + m = 2*m - 4, 0 = 2*x + 3*m - 2. Give q(x).
10
Let h(w) be the third derivative of -w**5/60 - w**4/24 - w**3/6 + w**2. Let o = 6 - 8. What is h(o)?
-3
Let t(y) = y**2 - y. Suppose 5*x + 48 = -x. Let u(a) = a**2 + 7*a - 7. Let p be u(x). Give t(p).
0
Suppose 4*t = 6*t - 16. Let z = 5 - t. Let b(m) = -m**3 - 5*m**2 - 3*m + 4. What is b(z)?
-5
Let a be 1/(1 - 36/38). Let b = a - 4. Let n be (-6)/(-15)*b/3. Let r(j) = -j - 1. Determine r(n).
-3
Let u(t) = t**2 - 22*t + 69. Let l be u(18). Let p(o) = o + 1. Let d be p(1). Let f(j) = 5*j + j**d - 3 - 2*j + 0*j. Give f(l).
-3
Let t(h) be the third derivative of h**6/120 - h**5/10 + 5*h**4/24 + 7*h**3/6 - h**2. Suppose -2*a = -4*n + 25 + 3, -a = -4*n + 24. Give t(n).
7
Let p(s) = 3*s + 9. Let j be p(-6). Let u be 3/j*0 + -4. Let g = u + 1. Let v(c) = c + 4. Determine v(g).
1
Let o(y) be the second derivative of -y**5/20 + 7*y**4/12 + 7*y**3/6 + 7*y**2/2 + 7*y. Let h be o(8). Let s(g) = -14*g. Give s(h).
14
Let f(j) be the third derivative of j**4/24 - 7*j**3/6 + 4*j**2. Calculate f(7).
0
Let i(q) = q**3 + q**2 + q - 1. Let l be i(1). Let p(z) = -2*z**3 + 3*z**2 - z - 1. Calculate p(l).
-7
Suppose -4 = 3*a - 19. Suppose -37 = 4*h - a*p, 4*h - 3*p + 8*p = 13. Let s(f) = f**3 + 4*f**2 - 3. Calculate s(h).
6
Let a(u) = -u**2 - 2*u**2 + 2*u**2 + 2*u**2 + 2. Determine a(-3).
11
Suppose z - 5 = 3*r + 15, 0 = r + 3. Let a(k) = 2*k + 2. Let l(s) = 6*s + 5. Let v(x) = z*a(x) - 4*l(x). Determine v(2).
-2
Let k(f) = -f + 0*f**2 + 2*f**2 + 2*f. Let p be k(1). Let j(n) = 3*n**3 - 7*n**3 - 3*n**p - 2*n**2 + 1. Determine j(1).
-8
Let v(s) be the first derivative of -s**5/20 + s**3/6 - 4*s**2 - s + 1. Let l(u) be the first derivative of v(u). Let n =